. What is the units digit of m?
4
Suppose -3*w + 3*l = 15, -6*w + 20 = -2*w + 4*l. Let k(g) = -g**2 - g - 24. Let j be k(w). What is the tens digit of ((-3)/j*10)/((-1)/(-124))?
5
Let k(j) = j + 12. Let p be k(-10). Suppose -2*s + p + 9 = n, -5*s - 4*n + 32 = 0. Suppose s*z + 2*y - 28 = 0, 2*y = y. What is the units digit of z?
7
Let d = -130 - -103. Let i be (72/d)/(3/(-252)). Suppose i = p + 3*j, 4*p + 2*j = p + 644. What is the tens digit of p?
1
Suppose -5*g + 2*s - 27 = 0, 5*g - 3*s = -0*s - 23. Let o be (-9)/(-1) - (-5 - g). Suppose 3*a = o*a - 124. What is the units digit of a?
1
Let u(p) = 32*p - 125. Let t(q) = 11*q - 43. Let w(d) = -11*t(d) + 4*u(d). What is the units digit of w(6)?
5
Suppose 5*b - 424 = -49. What is the tens digit of (-7810)/(-75) + (-10)/b?
0
Let h(p) = 2*p - 9. Let v be h(6). Suppose v*m + 3 = 4*m. Suppose -2*d - m*d - q + 468 = 0, -4*q + 291 = 3*d. What is the tens digit of d?
9
Suppose 21*n - 94 - 95 = 0. Suppose 0 = n*t - 220 - 1598. What is the hundreds digit of t?
2
Suppose 300*v = 307*v - 70. Let y(z) = 7*z + 5 - z + 0*z. What is the tens digit of y(v)?
6
Let m(b) be the third derivative of b**6/60 - 17*b**5/60 - 23*b**4/24 + 5*b**3/2 + 87*b**2 + 1. What is the tens digit of m(12)?
4
Suppose 3*t = -12, 7*m - 11*m = 5*t - 28. Let l(v) = 2*v + 20. What is the units digit of l(m)?
4
Let g be 3/((-9)/(-6)) + 3 + 1. What is the hundreds digit of (87060/90)/(2 + (-8)/g)?
4
Suppose -2*s - 12 = -s + 2*u, -3*s = -4*u - 4. Let w(k) = -5*k**3 - 9*k. What is the hundreds digit of w(s)?
3
Let k = 133 - -192. What is the units digit of k?
5
What is the tens digit of -2 + (5 - -13) + 17752?
6
Let q(n) = 4*n**2 - 10*n - 8. Let x(d) = -4*d**2 + 11*d + 8. Let k(m) = 6*q(m) + 5*x(m). Suppose 112 = 8*i + 83 - 35. What is the units digit of k(i)?
8
Let c be ((-36)/(-19) - 2) + 255346/(-494). Let m = c + 1292. What is the hundreds digit of m?
7
Let o(f) = 3*f**2 + 2*f + 11. Suppose 5*y + 11 = -4*n - 2, n - 13 = 2*y. Let d be o(y). Let m = d + -28. What is the tens digit of m?
4
Suppose 0*x - 3*s = -4*x + 5, -3*s + 1 = -x. Let b(r) = 29*r**3 + 2*r**x - 7*r**3 + 5 + 11 - 3*r - 14. What is the tens digit of b(1)?
2
Let x(l) = -2*l**2 - 14*l + 3. Let t be x(-7). Let g be ((972/(-15))/t)/(28/4130). What is the units digit of (2/(-3))/(3/g*3)?
6
Let n = 348 + -330. What is the tens digit of 590 - n - 1*-2?
7
Suppose 148 = -21*y - 188. What is the units digit of ((-2368)/(-12))/(y/(-72))?
8
Suppose 68157 - 28407 = 7*s - 47526. What is the tens digit of s?
6
Suppose -5*y - 2*w - 9 = -4*y, -5*w - 23 = 3*y. What is the tens digit of 274 + (y - -3 - (-52)/(-13))?
7
Let w(h) = -3*h**2 - 28*h - 22. Let d be w(18). Let c = 2324 + d. What is the tens digit of c?
2
Let c(x) = -26*x**2 + 1630*x - 94. What is the tens digit of c(57)?
4
Suppose 0 = -6*y - 13479 - 8277. What is the units digit of (2/(-12) + 5/(-15))*y?
3
Suppose -4679 = -2*p + w - 886, -w = -3*p + 5687. What is the tens digit of p?
9
Suppose 0 = -8*z + 12330 + 4302. What is the tens digit of (-21)/(z/22) - 2567/(-9)?
8
Suppose 25*l = 22*l + 24. Suppose 5*v - 5*z - 285 = 0, -5*z + 285 = 13*v - l*v. What is the units digit of v?
7
Let p(o) = 97*o + 3151. What is the tens digit of p(34)?
4
Let d(u) = u - 2. Let k(b) = 53. Let p(o) = 3*d(o) + k(o). What is the units digit of p(27)?
8
Suppose 0 = -4*b - 5*b - 21*b + 609510. What is the tens digit of b?
1
Let r(h) = h**2 + 7*h - 18. Let m be 9/(18/8) - 13. Let g be r(m). Suppose g = -2*a - v + 85, 4*a - 166 - 1 = -3*v. What is the tens digit of a?
4
Let i be (9*(1 + -2))/(4/(-24)). Let d = 60 - i. Suppose 4*b + 68 = d*b. What is the tens digit of b?
3
Let g(s) = -s**3 + 3*s**2. Let p be g(3). Suppose 2*i + q - 293 = -2*q, p = -2*i + 5*q + 301. Suppose -i = -5*d + 182. What is the tens digit of d?
6
Suppose u - 4 = 0, -3*u + u - 1228 = -2*k. Let g = k - -778. What is the units digit of g/20 - 5/(-25)?
0
Let f = 1676 - 920. Suppose -18*c = -4*c - f. What is the tens digit of c?
5
Let a = 87 + -87. Suppose -219 = -4*b + l, a*l + 164 = 3*b - l. Let g = b - -31. What is the units digit of g?
6
Let h = -27132 - -53522. What is the ten thousands digit of h?
2
Suppose p = -3*x - 62, 0*x = -4*p + 3*x - 293. Let l = 75 + p. Suppose 10*g + l*g - 140 = 0. What is the units digit of g?
0
Suppose 276702 - 578965 - 549929 = -48*n. What is the thousands digit of n?
7
Suppose 3*k - 4*b - 423 = 0, -4*b + 0 = -12. Let v = 985 - k. What is the units digit of v?
0
Let w(u) = -256*u - 48. Let d be w(-5). Suppose d = 3*l + 5*l. What is the tens digit of l?
5
Let z be 17/3 + 2/(-3). Let r = 199 + -196. Suppose 122 = h + z*s, -2*h + r*s = 2*h - 396. What is the tens digit of h?
0
Suppose -n + 551 = 5*g, -4*g + 16 + 0 = 0. Let j = n - -458. What is the tens digit of j?
8
Suppose -3*z - 5*z = 7824. What is the units digit of (-14)/63 + z/(-27)?
6
Suppose s - 4*j - 6735 = 0, 0 = 3*s + 305*j - 307*j - 20225. What is the hundreds digit of s?
7
Let k(v) = -2*v**2 + 3*v - 13. Let s(d) = -3*d**2 + 39 - 25 - 2*d + 4*d**2. Let p(g) = -4*k(g) - 3*s(g). What is the units digit of p(4)?
6
Suppose -2*v = 5*h + 993, -7*v + 378 = -2*h - 3*v. Let q = 433 + h. What is the units digit of q?
6
Suppose -4*d + 0*j - 5*j + 716 = 0, 0 = 4*d - 4*j - 716. Let z = 251 - d. Suppose -17 + z = t. What is the tens digit of t?
5
Let j(r) = -r + 3 + 38*r**3 - 100*r**3 + 13*r**3 + 25*r**3. What is the hundreds digit of j(-2)?
1
Let d(a) = a**3 - 10*a**2 + 14*a - 27. Let l be d(10). What is the hundreds digit of 80/25*(3 + (l - 1))?
3
Let c = -605 - -2342. What is the thousands digit of c?
1
Suppose -8*l = 3 - 19. Suppose 2*r - 10*o = -7*o + 773, l*r - 783 = o. What is the hundreds digit of r?
3
Let b = 7033 + 583. What is the hundreds digit of b?
6
Let s be -6 - -4 - (-16)/8. Suppose 4*v - 5*v = w - 1141, -w - 2 = s. What is the hundreds digit of v?
1
Let k be -5*1/(-5)*(0 + 3). Suppose m - 5496 = -k*m - 4*q, 4 = 4*q. What is the hundreds digit of m?
3
Let p = -339 - -338. Let z = 21 + -22. What is the units digit of z + (p + -1 - -101)?
8
Suppose -3*m = 2*j - 3572, -6946 = -4*j - 5*m + 202. Suppose -5*r = 3*r - j. What is the units digit of r?
4
Suppose 944 = 2*w + 5*l - 314, 0 = -4*l. Let f = w - -343. What is the hundreds digit of f?
9
Suppose -1131 = -3*m - 2*z + 4968, -3*m - 3*z = -6102. Suppose 43*f = 5*j + 40*f - 3385, 0 = -3*j - f + m. What is the units digit of j?
7
What is the tens digit of (-1282)/(76/(-722) + (-7)/114)?
9
Let m(u) = -103*u + 3090. What is the thousands digit of m(-25)?
5
Let i be 9/((-36)/(-16)) - -4. Suppose 9*v - 4 = i*v. Suppose v*u + 300 = 10*u. What is the tens digit of u?
5
Let w(r) = -83*r - 72. Let n(p) = -1656*p - 1440. Let l(j) = -4*n(j) + 81*w(j). What is the tens digit of l(-4)?
2
Suppose 39*k - 41*k = 3*a - 19903, -3*k = a - 29851. What is the thousands digit of k?
9
Suppose 5*i - 185*a - 76362 = -187*a, 0 = 5*a - 5. What is the ten thousands digit of i?
1
Let d(u) = 7*u + 9. Let w(l) = 15*l + 18. Let z(n) = -13*d(n) + 6*w(n). Let p be z(-9). Suppose p = -5*c - 3*c + 1216. What is the units digit of c?
2
Let g = -158 - -917. Let x = -465 + g. What is the hundreds digit of x?
2
Let b be (12 + -8 - 2) + 136. Let k = 1038 - b. What is the tens digit of k?
0
Suppose 360779 = 4*n + 5*u, 4*n - 65*u - 360749 = -60*u. What is the thousands digit of n?
0
Let z(t) = -27*t + 91. Suppose 0 = -32*u + 101 - 293. What is the hundreds digit of z(u)?
2
Suppose -4*v = 5*u - 1277, -u - 252 - 74 = -v. What is the tens digit of v?
2
Suppose -4*q + 16945 + 12060 = -3*p, -q + 2*p = -7255. What is the thousands digit of q?
7
Let o = 268 + -158. Suppose 112*c - 692 = o*c. What is the units digit of c?
6
Let k(m) = -m**2 - 19*m + 48. Suppose 2*g - 226 = 78. Suppose 7*y = 26 - g. What is the units digit of k(y)?
6
Suppose 2*r = -p + 19157, 2*r + 205*p - 19167 = 206*p. What is the tens digit of r?
8
Suppose -13*m = -65 - 0. Suppose 207 = -l + 3*r, 5*l - m*r + 6*r = -955. Let k = l - -346. What is the hundreds digit of k?
1
Suppose 2*u + 22*f = 17*f + 14275, -5*f = 3*u - 21395. What is the tens digit of u?
2
Let i = -246 + 191. What is the hundreds digit of (-4290)/(-9) - i/(-33)?
4
Suppose -31 = -4*z + n, 0 = -5*z - 4*n + 36 + 8. Let r(w) = -9*w**2 - 7 - 2 + w**3 + 3*w**2 + 2*w